8
Calculate the highest common factor of 663 and 51.
51
What is the highest common divisor of 9220 and 10?
10
What is the greatest common factor of 152 and 2698?
38
What is the highest common factor of 36 and 204?
12
What is the greatest common factor of 36 and 828?
36
What is the highest common divisor of 203 and 3973?
29
Calculate the highest common factor of 1599 and 39.
39
Calculate the greatest common divisor of 2600 and 208.
104
What is the greatest common factor of 6062 and 14?
14
What is the greatest common factor of 1745 and 85?
5
Calculate the greatest common divisor of 238 and 98.
14
What is the greatest common divisor of 663 and 14144?
221
What is the greatest common divisor of 1791 and 9?
9
Calculate the highest common divisor of 931 and 38.
19
Calculate the highest common factor of 495 and 3.
3
Calculate the greatest common factor of 121 and 2332.
11
What is the highest common factor of 72 and 792?
72
What is the highest common factor of 11 and 25157?
11
What is the highest common factor of 543 and 129?
3
Calculate the greatest common factor of 136 and 34646.
34
What is the highest common divisor of 9 and 75?
3
Calculate the highest common divisor of 104 and 572.
52
Calculate the highest common divisor of 747 and 9.
9
What is the greatest common factor of 2814 and 126?
42
What is the highest common factor of 3053 and 43?
43
Calculate the highest common factor of 38 and 874.
38
What is the highest common factor of 1633 and 46?
23
What is the greatest common factor of 395 and 30?
5
Calculate the greatest common divisor of 24 and 1144.
8
Calculate the highest common divisor of 222 and 185.
37
Calculate the greatest common factor of 39 and 156.
39
Calculate the greatest common divisor of 50 and 2990.
10
What is the greatest common divisor of 81 and 18?
9
What is the highest common divisor of 25590 and 15?
15
What is the highest common factor of 464 and 32?
16
Calculate the greatest common divisor of 176 and 15664.
176
Calculate the highest common factor of 576 and 9648.
144
Calculate the greatest common factor of 351 and 4806.
27
Calculate the greatest common factor of 100 and 40.
20
What is the greatest common divisor of 242 and 110?
22
What is the greatest common factor of 3454 and 628?
314
What is the greatest common factor of 28 and 7?
7
What is the greatest common factor of 174 and 3161?
29
What is the greatest common factor of 50 and 25?
25
What is the greatest common factor of 637 and 91?
91
Calculate the greatest common factor of 3666 and 94.
94
What is the highest common factor of 1752 and 324?
12
What is the greatest common divisor of 14522 and 212?
106
Calculate the greatest common factor of 380 and 30.
10
Calculate the highest common divisor of 851 and 37.
37
What is the greatest common factor of 30 and 3345?
15
Calculate the highest common factor of 32 and 712.
8
What is the highest common factor of 82 and 4?
2
Calculate the highest common divisor of 93 and 124.
31
What is the highest common factor of 21 and 4683?
21
Calculate the greatest common factor of 396 and 24.
12
Calculate the greatest common factor of 2900 and 200.
100
What is the highest common divisor of 24 and 240?
24
Calculate the greatest common divisor of 51 and 561.
51
What is the greatest common factor of 153 and 187?
17
Calculate the greatest common factor of 95 and 2375.
95
What is the highest common factor of 282 and 18?
6
What is the greatest common divisor of 16 and 128?
16
What is the highest common factor of 336 and 112?
112
Calculate the highest common divisor of 2067 and 429.
39
What is the highest common divisor of 1064 and 280?
56
Calculate the highest common divisor of 8500 and 10.
10
Calculate the greatest common factor of 30 and 86070.
30
Calculate the highest common factor of 654 and 18.
6
Calculate the highest common divisor of 162 and 27.
27
What is the highest common divisor of 888 and 111?
111
What is the highest common divisor of 192 and 2448?
48
What is the highest common factor of 13777 and 23?
23
What is the highest common divisor of 20 and 8?
4
What is the greatest common divisor of 4 and 284?
4
Calculate the highest common factor of 782 and 51.
17
What is the highest common divisor of 2 and 32?
2
Calculate the highest common divisor of 104 and 286.
26
What is the greatest common divisor of 1 and 73?
1
What is the greatest common divisor of 275 and 33?
11
Calculate the highest common divisor of 20 and 10.
10
What is the greatest common divisor of 2023 and 5950?
119
What is the greatest common divisor of 3888 and 6?
6
Calculate the highest common divisor of 5 and 640.
5
Calculate the greatest common divisor of 10 and 118.
2
Calculate the greatest common factor of 11392 and 267.
89
Calculate the highest common factor of 267 and 356.
89
What is the highest common factor of 115 and 3?
1
Calculate the greatest common factor of 1960 and 1240.
40
What is the highest common factor of 1595 and 29?
29
Calculate the highest common divisor of 54 and 102.
6
Calculate the greatest common factor of 8 and 200.
8
Calculate the greatest common factor of 368 and 1909.
23
Calculate the greatest common divisor of 43 and 37883.
43
Calculate the greatest common factor of 28 and 756.
28
What is the greatest common factor of 39 and 2379?
39
Calculate the greatest common divisor of 4194 and 54.
18
What is the greatest common factor of 166 and 20750?
166
Calculate the greatest common divisor of 5907 and 33.
33
What is the greatest common factor of 480 and 15?
15
What is the greatest common divisor of 15 and 435?
15
Calculate the highest common factor of 4 and 14.
2
What is the highest common factor of 23 and 161?
23
What is the greatest common factor of 27 and 13131?
9
Calculate the highest common divisor of 62055 and 315.
315
What is the greatest common divisor of 92 and 116?
4
What is the greatest common divisor of 176 and 154?
22
What is the highest common factor of 13 and 221?
13
What is the greatest common divisor of 51 and 2193?
51
Calculate the highest common divisor of 64 and 22.
2
What is the greatest common factor of 16 and 1304?
8
What is the greatest common factor of 18 and 54?
18
Calculate the greatest common factor of 9 and 27.
9
Calculate the highest common factor of 33 and 66.
33
What is the highest common factor of 361 and 114?
19
What is the highest common factor of 9024 and 141?
141
Calculate the greatest common factor of 3364 and 348.
116
What is the greatest common factor of 194 and 6499?
97
What is the greatest common factor of 558 and 62?
62
Calculate the greatest common divisor of 1261 and 291.
97
Calculate the greatest common divisor of 134 and 3953.
67
Calculate the greatest common factor of 20 and 680.
20
What is the highest common factor of 22 and 814?
22
Calculate the highest common factor of 1157 and 26.
13
What is the highest common factor of 34225 and 185?
185
What is the greatest common factor of 1790 and 10?
10
Calculate the highest common divisor of 5305 and 5.
5
What is the greatest common divisor of 15 and 16545?
15
What is the highest common factor of 4 and 733?
1
What is the highest common factor of 10912 and 4?
4
What is the highest common divisor of 581 and 166?
83
What is the highest common factor of 1368 and 168?
24
Calculate the highest common divisor of 28 and 4354.
14
What is the highest common factor of 1271 and 31?
31
What is the highest common divisor of 3930 and 70?
10
Calculate the highest common divisor of 55 and 55.
55
What is the highest common divisor of 28476 and 7?
7
What is the greatest common factor of 105 and 7?
7
Calculate the highest common divisor of 103 and 1.
1
Calculate the greatest common factor of 13 and 1365.
13
What is the greatest common factor of 70 and 826?
14
Calculate the highest common factor of 63 and 7.
7
Calculate the highest common factor of 6627 and 94.
47
What is the greatest common factor of 103992 and 168?
168
What is the highest common factor of 148 and 5920?
148
What is the greatest common divisor of 17 and 1139?
17
Calculate the greatest common divisor of 27144 and 48.
24
Calculate the greatest common divisor of 12 and 156.
12
What is the highest common factor of 90 and 285?
15
Calculate the highest common factor of 73 and 8833.
73
What is the greatest common factor 